73 divide 12008779?
False
Is 588 a factor of 9679068?
True
Is 164 a factor of 47560?
True
Is 13 a factor of 12534873?
True
Does 21 divide 55062?
True
Is 58 a factor of 15061498?
True
Does 4 divide 61359?
False
Does 17 divide 478650?
False
Does 77 divide 213706?
False
Is 19 a factor of 81286?
False
Does 26 divide 94145?
False
Is 133 a factor of 10772403?
False
Does 27 divide 43723?
False
Is 1925846 a multiple of 3?
False
Does 144 divide 151190?
False
Does 2703 divide 3964018?
False
Is 137 a factor of 2431542?
False
Is 53862 a multiple of 2?
True
Does 16 divide 22752?
True
Does 288 divide 4297530?
False
Is 2026 a factor of 3186898?
True
Is 3145175 a multiple of 475?
False
Does 29 divide 396919?
False
Is 60 a factor of 246427?
False
Is 9 a factor of 41622?
False
Does 437 divide 10771176?
True
Does 28 divide 122193?
False
Is 2316084 a multiple of 111?
False
Is 1375077 a multiple of 11?
True
Is 254430 a multiple of 198?
True
Is 54 a factor of 298566?
True
Does 63 divide 6137121?
False
Does 81 divide 746190?
False
Is 658351 a multiple of 86?
False
Is 69083 a multiple of 34?
False
Does 5 divide 30034?
False
Is 2 a factor of 7639?
False
Is 2 a factor of 357879?
False
Is 6 a factor of 143283?
False
Is 11 a factor of 3031182?
True
Does 18 divide 902337?
False
Is 70 a factor of 843316?
False
Does 89 divide 168121?
True
Is 22991734 a multiple of 1091?
True
Is 11 a factor of 83114?
False
Does 95 divide 2511584?
False
Is 13 a factor of 1526488?
False
Is 152550 a multiple of 27?
True
Is 421 a factor of 2031325?
True
Is 10915 a multiple of 3?
False
Is 150268 a multiple of 14?
False
Does 73 divide 121627?
False
Is 1538215 a multiple of 82?
False
Is 323 a factor of 125970?
True
Is 20 a factor of 336378?
False
Is 139 a factor of 145811?
True
Does 30 divide 197483?
False
Does 201 divide 6974298?
True
Is 43 a factor of 695998?
True
Is 152136 a multiple of 12?
True
Is 117 a factor of 5791855?
False
Does 4 divide 128266?
False
Is 3086600 a multiple of 550?
True
Is 123365 a multiple of 55?
True
Is 90 a factor of 236970?
True
Does 436 divide 2444652?
True
Is 13566012 a multiple of 210?
False
Is 107 a factor of 244495?
True
Is 9117992 a multiple of 292?
True
Does 3 divide 153793?
False
Is 37488 a multiple of 6?
True
Is 16160256 a multiple of 1512?
True
Does 93 divide 1632150?
True
Is 26 a factor of 665496?
True
Is 18 a factor of 792234?
True
Is 15477 a multiple of 201?
True
Is 38 a factor of 943844?
True
Is 110 a factor of 181532?
False
Does 458 divide 5315548?
True
Is 32 a factor of 177280?
True
Does 367 divide 83559?
False
Is 18594 a multiple of 108?
False
Is 227747 a multiple of 64?
False
Is 109 a factor of 55154?
True
Is 19 a factor of 5151?
False
Is 5704685 a multiple of 1289?
False
Does 168 divide 4474680?
True
Is 35280 a multiple of 168?
True
Is 12 a factor of 26604?
True
Is 19 a factor of 8640?
False
Does 497 divide 1803757?
False
Is 3685305 a multiple of 780?
False
Is 591 a factor of 1012311?
False
Does 14 divide 502432?
True
Does 32 divide 490752?
True
Is 118 a factor of 201368?
False
Does 371 divide 2357269?
False
Does 146 divide 12654416?
False
Does 188 divide 94716?
False
Does 1609 divide 17930696?
True
Is 2187885 a multiple of 311?
True
Does 65 divide 2533895?
True
Is 414 a factor of 10920492?
True
Is 1141113 a multiple of 626?
False
Is 28992 a multiple of 8?
True
Does 10 divide 1265552?
False
Is 153 a factor of 4131?
True
Does 99 divide 10251?
False
Is 8708868 a multiple of 36?
True
Is 14 a factor of 200928?
True
Is 378315 a multiple of 63?
True
Is 58 a factor of 902828?
True
Is 10 a factor of 88560?
True
Is 647437 a multiple of 154?
False
Is 130 a factor of 685284?
False
Is 82 a factor of 7298?
True
Does 28 divide 473886?
False
Is 8929466 a multiple of 1118?
True
Does 10 divide 108365?
False
Is 13 a factor of 31720707?
False
Is 55315 a multiple of 185?
True
Is 88 a factor of 269808?
True
Is 117 a factor of 24336?
True
Is 21 a factor of 28476?
True
Does 6 divide 1081720?
False
Is 16 a factor of 1650000?
True
Is 29 a factor of 38628?
True
Is 394247 a multiple of 277?
False
Is 829 a factor of 1861105?
True
Is 9793474 a multiple of 274?
False
Does 73 divide 158802?
False
Is 6416522 a multiple of 1409?
False
Is 9 a factor of 7839688?
False
Is 904308 a multiple of 7?
False
Does 853 divide 308403?
False
Does 12 divide 4391496?
True
Is 289 a factor of 797929?
True
Does 87 divide 41412?
True
Is 5 a factor of 105365?
True
Is 43 a factor of 280527?
False
Is 113 a factor of 822031?
False
Is 6 a factor of 35422?
False
Does 40 divide 2475394?
False
Is 162107 a multiple of 100?
False
Is 52 a factor of 769964?
True
Is 33510 a multiple of 28?
False
Is 481 a factor of 20741682?
True
Is 3 a factor of 240336?
True
Is 76 a factor of 5370?
False
Is 88 a factor of 2538927?
False
Is 16 a factor of 76568?
False
Is 9 a factor of 2326?
False
Does 13 divide 187298?
False
Is 23532 a multiple of 74?
True
Is 1518696 a multiple of 18?
True
Is 179 a factor of 9837303?
True
Does 549 divide 16470?
True
Does 30 divide 153000?
True
Does 74 divide 15831116?
True
Does 1766 divide 7961919?
False
Does 14 divide 26025?
False
Does 197 divide 466890?
True
Is 131782 a multiple of 29?
False
Is 962492 a multiple of 5?
False
Is 161 a factor of 1296971?
False
Is 9 a factor of 106023?
False
Does 13 divide 68078?
False
Is 13 a factor of 6956183?
True
Does 335 divide 122275?
True
Does 373 divide 266041?
False
Is 6572085 a multiple of 13?
True
Is 42 a factor of 692832?
True
Is 156 a factor of 985154?
False
Does 24 divide 2628640?
False
Does 580 divide 7522020?
True
Does 1519 divide 8316525?
True
Is 189215 a multiple of 28?
False
Is 2677639 a multiple of 1296?
False
Is 19 a factor of 9245934?
False
Is 355642 a multiple of 11?
False
Is 13 a factor of 767299?
True
Does 117 divide 69849?
True
Is 47 a factor of 180019?
False
Does 114 divide 372324?
True
Does 231 divide 17101623?
True
Is 839358 a multiple of 6?
True
Is 799575 a multiple of 525?
True
Does 74 divide 42622?
False
Does 72 divide 1685334?
False
Is 112 a factor of 24393600?
True
Does 77 divide 6538763?
True
Is 67 a factor of 536611?
False
Is 1671799 a multiple of 101?
False
Is 946727 even?
False
Is 39 a factor of 57617?
False
Is 17 a factor of 19035172?
True
Is 100 a factor of 217400?
True
Is 59 a factor of 191129?
False
Is 2119833 a multiple of 836?
False
Is 185 a factor of 1847060?
False
Is 33 a factor of 199489?
False
Does 32 divide 1947444?
False
Does 1264 divide 5250785?
False
Is 8791324 a multiple of 487?
True
Is 49815 a multiple of 15?
True
Is 481120 a multiple of 31?
True
Is 11 a factor of 1788396?
False
Does 27 divide 282977?
False
Does 33 divide 3623103?
True
Is 197 a factor of 766724?
True
Is 72 a factor of 5361631?
False
Is 3 a factor of 1106380?
False
Is 4700778 a multiple of 762?
True
Is 20 a factor of 863?
False
Does 25 divide 229952?
False
Is 323315 a multiple of 77?
False
Is 7990 a multiple of 34?
True
Is 241996 a multiple of 202?
True
Is 19 a factor of 116513?
False
Is 1952295 a multiple of 817?
False
Is 153 a factor of 116227?
False
Does 249 divide 1302270?
True
Is 75906 a multiple of 128?
False
Is 28 a factor of 250656?
True
Does 667 divide 2008276?
False
Is 2525928 a multiple of 164?
True
Is 463053 a multiple of 576?
False
Is 72036 a multiple of 46?
True
Does 19 divide 179379?
True
Is 114530 a multiple of 65?
True
Is 6 a factor of 125941?
False
Is 20 a factor of 161480?
True
Is 12 a factor of 275544?
True
Is 506200 a multiple of 93?
False
Does 17 divide 1378602?
False
Is 28 a factor of 1053864?
True
Does 150 divide 1098300?
True
Is 603 a factor of 1259848?
False
Does 4 divide 93664?
True
Is 981937 a multiple of 59?
True
Is 44 a factor of 455973?
False
Does 10 divide 2616716?
False
Is 172584 a multiple of 423?
True
Does 71 divide 558928?
False
Does 10 divide 433125?
False
Is 606119 a multiple of 73?
True
Does 40 divide 322120?
True
Is 7 a factor of 13482?
True
Does 18 divide 89185?
False
Is 318 a factor of 279482?
False
Is 188099 a multiple of 9?
False
Is 8 a factor of 800554?
False
Does 58 divide 46574?
True
Is 613 a factor of 3886420?
True
Is 664320 a multiple of 346?
True
Does 1466 divide 2977446?
True
Is 246 a factor of 83590?
False
Is 145 a factor of 22989?
False
Does 25 divide 118400?
True
Does 19 divide 2599733?
False
